{"id":74,"date":"2018-05-25T10:50:32","date_gmt":"2018-05-25T08:50:32","guid":{"rendered":"https:\/\/www.farnostrs.sk\/sk\/?page_id=74"},"modified":"2025-09-13T21:20:22","modified_gmt":"2025-09-13T19:20:22","slug":"poriadok-sv-omsi","status":"publish","type":"page","link":"https:\/\/www.farnostrs.sk\/sk\/poriadok-sv-omsi\/","title":{"rendered":"Poriadok sv. om\u0161\u00ed"},"content":{"rendered":"<p><strong>Poriadok sv. om\u0161\u00ed vo farskom kostole sv. J\u00e1na Krstite\u013ea<\/strong><\/p>\n<p><strong>PONDELOK &#8211; PIATOK<\/strong><\/p>\n<p><strong>v letnom \u010dase<\/strong>: apr\u00edl &#8211; okt\u00f3ber<br \/>\n16:30 &#8211; v ma\u010farskom jazyku<br \/>\n17:30 &#8211; v\u00a0slovenskom jazyku<\/p>\n<p><strong>v zimnom \u010dase<\/strong>: november &#8211; marec<br \/>\n15:30 &#8211; v ma\u010farskom jazyku<br \/>\n16:30 &#8211; v\u00a0slovenskom jazyku<\/p>\n<p><strong>SOBOTA<\/strong><br \/>\n07:30 &#8211; v\u00a0slovenskom jazyku<br \/>\n08:30 &#8211; v ma\u010farskom jazyku<\/p>\n<p>17:00 &#8211; v\u00a0slovenskom jazyku (s nede\u013e\u0148aj\u0161ou platnos\u0165ou)<\/p>\n<p><strong>NEDE\u013dA<\/strong><br \/>\n07:30 &#8211; slovensky<br \/>\n09:00 &#8211; ma\u010farsky<br \/>\n10:30 &#8211; slovensky<\/p>\n<p>17:00 &#8211; slovensky<\/p>\n<p><strong>Poklona Olt\u00e1rnej sviatosti<\/strong> ka\u017ed\u00fd \u0161tvrtok od 11:00 hod. do 1. sv. om\u0161e.<\/p>\n<p><strong>Fat\u00edmske ve\u010deradlo<\/strong>&nbsp;je st\u00e1le 1. sobotu v mesiaci o 7:00 hod. so sv. om\u0161ou v slovenskom jazyku a o 9:00 hod. so sv. om\u0161ou v ma\u010farskom jazyku.<\/p>\n<p><strong>Poriadok sv. om\u0161\u00ed vo fili\u00e1lnych kostoloch<\/strong><br \/>\n<strong>Kru\u017eno <\/strong><br \/>\n08:00 &#8211; \u0161tvrtok<br \/>\n09:15 &#8211; nede\u013ea<br \/>\n<strong>Zacharovce <\/strong><br \/>\n08:00 &#8211; 2. a\u00a04. nede\u013ea v\u00a0mesiaci<\/p>\n<p>Ka\u017ed\u00e1 pr\u00edpadn\u00e1 zmena je hl\u00e1sen\u00e1 vopred v\u00a0nede\u013en\u00fdch oznamoch.<\/p>\n","protected":false},"excerpt":{"rendered":"<p>Poriadok sv. om\u0161\u00ed vo farskom kostole sv. J\u00e1na Krstite\u013ea PONDELOK &#8211; PIATOK v letnom \u010dase: apr\u00edl &#8211; okt\u00f3ber 16:30 &#8211; v ma\u010farskom jazyku 17:30 &#8211; v\u00a0slovenskom jazyku v zimnom \u010dase: november &#8211; marec 15:30 &#8211; v ma\u010farskom jazyku 16:30 &#8211; v\u00a0slovenskom jazyku SOBOTA 07:30 &#8211; v\u00a0slovenskom jazyku 08:30 &#8211; v ma\u010farskom jazyku 17:00 &#8211; v\u00a0slovenskom &hellip; <a href=\"https:\/\/www.farnostrs.sk\/sk\/poriadok-sv-omsi\/\" class=\"more-link\">Pokra\u010dova\u0165 v \u010d\u00edtan\u00ed: <span class=\"screen-reader-text\">Poriadok sv. om\u0161\u00ed<\/span><\/a><\/p>\n","protected":false},"author":1,"featured_media":0,"parent":0,"menu_order":0,"comment_status":"closed","ping_status":"closed","template":"","meta":{"_monsterinsights_skip_tracking":false,"ngg_post_thumbnail":0,"footnotes":""},"class_list":["post-74","page","type-page","status-publish","hentry"],"publishpress_future_action":{"enabled":false,"date":"2026-09-11 09:05:58","action":"change-status","newStatus":"draft","terms":[],"taxonomy":"","extraData":[]},"publishpress_future_workflow_manual_trigger":{"enabledWorkflows":[]},"_links":{"self":[{"href":"https:\/\/www.farnostrs.sk\/sk\/wp-json\/wp\/v2\/pages\/74","targetHints":{"allow":["GET"]}}],"collection":[{"href":"https:\/\/www.farnostrs.sk\/sk\/wp-json\/wp\/v2\/pages"}],"about":[{"href":"https:\/\/www.farnostrs.sk\/sk\/wp-json\/wp\/v2\/types\/page"}],"author":[{"embeddable":true,"href":"https:\/\/www.farnostrs.sk\/sk\/wp-json\/wp\/v2\/users\/1"}],"replies":[{"embeddable":true,"href":"https:\/\/www.farnostrs.sk\/sk\/wp-json\/wp\/v2\/comments?post=74"}],"version-history":[{"count":7,"href":"https:\/\/www.farnostrs.sk\/sk\/wp-json\/wp\/v2\/pages\/74\/revisions"}],"predecessor-version":[{"id":4409,"href":"https:\/\/www.farnostrs.sk\/sk\/wp-json\/wp\/v2\/pages\/74\/revisions\/4409"}],"wp:attachment":[{"href":"https:\/\/www.farnostrs.sk\/sk\/wp-json\/wp\/v2\/media?parent=74"}],"curies":[{"name":"wp","href":"https:\/\/api.w.org\/{rel}","templated":true}]}}

Poriadok sv. omší

<p><strong>Poriadok sv. omší vo farskom kostole sv. Jána Krstiteľa</strong></p>
<p><strong>PONDELOK &#8211; PIATOK</strong></p>
<p><strong>v letnom čase</strong>: apríl &#8211; október<br />
16:30 &#8211; v maďarskom jazyku<br />
17:30 &#8211; v slovenskom jazyku</p>
<p><strong>v zimnom čase</strong>: november &#8211; marec<br />
15:30 &#8211; v maďarskom jazyku<br />
16:30 &#8211; v slovenskom jazyku</p>
<p><strong>SOBOTA</strong><br />
07:30 &#8211; v slovenskom jazyku<br />
08:30 &#8211; v maďarskom jazyku</p>
<p>17:00 &#8211; v slovenskom jazyku (s nedeľňajšou platnosťou)</p>
<p><strong>NEDEĽA</strong><br />
07:30 &#8211; slovensky<br />
09:00 &#8211; maďarsky<br />
10:30 &#8211; slovensky</p>
<p>17:00 &#8211; slovensky</p>
<p><strong>Poklona Oltárnej sviatosti</strong> každý štvrtok od 11:00 hod. do 1. sv. omše.</p>
<p><strong>Fatímske večeradlo</strong>&nbsp;je stále 1. sobotu v mesiaci o 7:00 hod. so sv. omšou v slovenskom jazyku a o 9:00 hod. so sv. omšou v maďarskom jazyku.</p>
<p><strong>Poriadok sv. omší vo filiálnych kostoloch</strong><br />
<strong>Kružno </strong><br />
08:00 &#8211; štvrtok<br />
09:15 &#8211; nedeľa<br />
<strong>Zacharovce </strong><br />
08:00 &#8211; 2. a 4. nedeľa v mesiaci</p>
<p>Každá prípadná zmena je hlásená vopred v nedeľných oznamoch.</p>

<p>Poriadok sv. omší vo farskom kostole sv. Jána Krstiteľa PONDELOK &#8211; PIATOK v letnom čase: apríl &#8211; október 16:30 &#8211; v maďarskom jazyku 17:30 &#8211; v slovenskom jazyku v zimnom čase: november &#8211; marec 15:30 &#8211; v maďarskom jazyku 16:30 &#8211; v slovenskom jazyku SOBOTA 07:30 &#8211; v slovenskom jazyku 08:30 &#8211; v maďarskom jazyku 17:00 &#8211; v slovenskom &hellip; <a href="https://www.farnostrs.sk/sk/poriadok-sv-omsi/" class="more-link">Pokračovať v čítaní: <span class="screen-reader-text">Poriadok sv. omší</span></a></p>
